e n(-5). Let t(l) be the first derivative of 9*l**2/2 - 3. What is the tens digit of t(v)?
8
Suppose -6*r - 9977 - 11203 = 0. Let m = r + 5111. What is the thousands digit of m?
1
Let v(y) = -290*y**3 - 7*y**2 - 38*y - 226. What is the tens digit of v(-6)?
9
Suppose 44 = 4*p + c, -8 = 4*c + 8. What is the tens digit of ((-64)/p - -5)*-1272?
2
Let c = 3633 + -310. Suppose -4*r + 5*d = -3333, -5*d = 3*r + r - c. What is the units digit of r?
2
What is the tens digit of (42384/15 - 5) + (4 - 90/25)?
2
Let l = -128 - -172. What is the tens digit of (-1)/(6/(-24)) + l?
4
Suppose 0 = -344*l + 338*l + 24. What is the tens digit of 16025/(-10)*l/(-10)?
4
Suppose -l + 10736 = -5*g, 40*l + 4*g = 44*l - 42848. What is the ten thousands digit of l?
1
Let z(y) = 7*y - 38. Let t be z(6). Suppose t*u - 868 = -4*q, -3*u + 7*u - 4*q - 892 = 0. What is the tens digit of u?
2
Let o(v) = 7*v**2 + 88. Suppose -3*k - 4*w + 6 - 4 = 0, 21 = -k + 3*w. What is the hundreds digit of o(k)?
3
Let p = -418 - -444. Suppose p*v - 1951 = 12609. What is the units digit of v?
0
Let n(t) = 40*t**2 + 39*t + 3. What is the hundreds digit of n(9)?
5
Let c(y) = 2*y**3 - 90*y**2 + 105*y + 224. What is the units digit of c(48)?
8
Let g(y) = 33*y**2 - 15*y + 16. What is the thousands digit of g(-6)?
1
Let y = 1500 - -10975. What is the ten thousands digit of y?
1
Suppose 4*c = -b + 21 - 0, -3*c - 3*b = -9. Suppose 3*j - c = 3*h + 4*j, 4*j = -4*h. What is the tens digit of h/(-1 + -2) + 27?
2
Let a = -19690 - -47786. What is the units digit of a?
6
Let y(b) = 4*b**2 - b - 2. Let v be y(-2). What is the units digit of (-5)/10 + 19256/v?
3
What is the thousands digit of (1938/(-10))/(-1 - 190/(-200))?
3
Suppose 0 = -3*q + 27 + 120. Suppose 2*g = -q*g + 63699. What is the tens digit of g?
4
Let z(c) = c**3 - 27*c**2 - 30*c + 15. Let q be 1 + 29 - (2 + -1 + 0). What is the hundreds digit of z(q)?
8
Suppose 0 = g + 3, w + 4*w - 3*g = -1. Let d(i) = 26*i**2 - i - 8. What is the tens digit of d(w)?
9
Let k be 1/(-2*2/(-2) + -1). What is the units digit of 5/k*((-6 - -73) + -6)?
5
Suppose -5*v = 12*d + 388, -v - 71 + 15 = -3*d. Let p = 1 - -7. What is the tens digit of (15*-2)/(p/v)?
5
Suppose -86 + 254 = -7*d. Let p = -24 - d. Suppose 4*k + 5*b = 2*b + 432, p = -5*k - 5*b + 540. What is the units digit of k?
8
Let c(o) = 12*o - 98 + 14 + 3 - 23. What is the tens digit of c(11)?
2
What is the thousands digit of 172115/11 + (6 - 8) - 16/(-88)?
5
What is the thousands digit of (-3)/6 + 55/(-10) + 5541 - 7?
5
Let r be (-19)/((-494)/(-4)) - 11702/(-13). Let g = -523 + r. What is the tens digit of g?
7
Let h(i) = 28*i + 301. Let c be h(-11). What is the tens digit of 18/(-30) - c/((-175)/(-26665))?
6
Let d = 92405 - 51014. What is the units digit of d?
1
Let g = -92937 + 141378. What is the tens digit of g?
4
Let i be 17*(2 - (1 + 0)). Let m = i + -9. What is the tens digit of 718/m + 15/(-4) + 4?
9
Suppose 60*u = 10*u + 235372 + 232978. What is the units digit of u?
7
Let o(u) = 32*u - 24*u - 25*u + 23 + u**2. Let q(y) = y**3 + 8*y**2 + y - 19. Let j be q(-7). What is the hundreds digit of o(j)?
1
What is the tens digit of (-1026)/(-95)*250/4?
7
Let c(p) = -p - 4. Let a be c(-4). Suppose 13 = 4*m - 3*k, 12*m + k + 9 = 14*m. Suppose a = -10*j + m*j + 180. What is the units digit of j?
0
Suppose 0*f + s = 2*f - 601, f - 305 = 5*s. Suppose 4*q + 5*m = -83 - 212, 0 = -4*q - 4*m - f. What is the units digit of 6*(0 + q/(-6))?
0
Let n(t) = 286*t**2 + 59*t - 18. What is the tens digit of n(5)?
2
Let l(o) = -74*o + 20. Let w = -54 - -61. Let k be l(w). What is the hundreds digit of 0 + (-2)/4 - k/4?
1
Let w be (-2930)/25 - (22/(-10) + 2). What is the hundreds digit of 4344/13 - (-10 + (-1188)/w)?
3
Let g = -47 - -51. Suppose 2*n = 6, -s + 5 = 4*n - g. What is the units digit of 67 + -2 - 4/(-1 + s)?
6
Let l = 46 - 41. Suppose 3*r = 14 - l. Suppose -r*m + 148 = -m. What is the tens digit of m?
7
Suppose 3*z + 5*i - 71106 - 5896 = 0, -4*z + 5*i = -102751. What is the units digit of z?
9
Let k = 34283 + -32209. What is the thousands digit of k?
2
Let t = -36136 + 58426. What is the tens digit of t?
9
Suppose 8*n + 65 = -287. Let w = 1304 - n. What is the units digit of w?
8
Suppose 5*k + a = 10598, -555*a + 554*a + 3 = 0. What is the tens digit of k?
1
Let o = 144413 - 83920. What is the units digit of o?
3
What is the units digit of (-1393)/98*-14*13?
7
Suppose 294 = 11*y - 5*y. What is the tens digit of y/((-959)/(-119) - 8)?
3
Suppose -21*c = c - 3*c. Let x(b) = -6 + 25 + 2*b + 10. What is the units digit of x(c)?
9
Let b(u) = u - 10. Let f be b(10). Suppose -5*g - 319 = -5*k - 19, f = -2*g. Let a = k + -56. What is the units digit of a?
4
Suppose 7*y - 2*y - c - 2209 = 0, -3*y + 1307 = 4*c. Let h = y - 73. Suppose 4*g - h = -24. What is the tens digit of g?
8
Let d(o) be the first derivative of o**3/3 - 5*o**2/2 - 3*o - 165. What is the units digit of d(-5)?
7
Let s(x) = -131*x + 1. Let b(h) = 5*h + 32. Let o be b(-7). What is the tens digit of s(o)?
9
Let r(t) = 2*t + 16 + 27*t**2 - 64 + 31*t**3 - 32*t**3. Let d be r(26). Suppose 19*v - d = 15*v. What is the units digit of v?
0
Let k be (-74)/(-9) - (-36)/(-162). Let f be 14/k - (15/(-12) - -1). What is the tens digit of 113/(f/2) + 4/1?
1
Suppose 4*j + 0*g - 2*g + 264 = 0, 5*j + 339 = -2*g. Let i = 72 + j. Suppose -8*u = -i*u - 414. What is the units digit of u?
8
Suppose 2*w + 62 = -4*d, 5*w = -2*d - 16 - 27. Let y be (-2*(-3)/4)/(d/56). What is the tens digit of (-1)/y + (-22750)/(-84)?
7
Suppose i + 44 = -8*p + 10*p, p + 132 = -3*i. Let m(k) = -k**3 - 43*k**2 + 39*k - 4. What is the units digit of m(i)?
6
Let k = -790 - -785. What is the units digit of 129/2*(-8 - 50/k)?
9
Suppose 0 = -40*x - 9*x - 75313. Let c = -847 - x. What is the units digit of c?
0
Let f = -9630 - -9623. Let i(d) = 4*d - 7*d - 20 + 0*d. What is the units digit of i(f)?
1
Let k be (-1 + 16)/(-4 + 7 + -2). What is the units digit of ((-10)/k)/((-4)/78)?
3
Let n(m) = 1 - 14 - 21*m - 9. Let b = 284 + -290. What is the units digit of n(b)?
4
Let b(u) = u - 1. Let g be b(-5). Let h be g*(28/8)/7. Let p = 77 - h. What is the tens digit of p?
8
Suppose -559845 = -113*h + 14*h + 12*h. What is the tens digit of h?
3
Let u be (69/(-3))/((-3)/330). Suppose -u = 66*q - 71*q. What is the units digit of q?
6
Suppose 0 = 5*f + 5*q + 920, 164 = 219*f - 220*f + 4*q. Suppose 0*m = -2*m + x + 87, 2*m + x - 81 = 0. What is the tens digit of (m/(-8) - 2)/(15/f)?
8
What is the hundreds digit of (-7 + -8 + -5678)/((-3)/(-12)*-1)?
7
Suppose 2*z + 57 = -j + 13, 5*j + 5*z = -220. Let h be 9/6*(j/(-6) - 4). Suppose -91 - 40 = -3*p + 5*x, -p + 37 = h*x. What is the tens digit of p?
4
Let u(m) = -110*m + 3. Let j be u(-1). Let y = -219 + j. Let p = y - -207. What is the units digit of p?
1
Let d be 14/(-91) - (-2)/13. Let w be (-4)/(-20) + 95/25. Suppose 0 = a + 2*m - 204, d = -w*a + m + 3*m + 816. What is the hundreds digit of a?
2
Let b(f) = 248*f**2 - 17*f + 63. What is the hundreds digit of b(-4)?
0
Let p = 11 + 57. Suppose 74*t - p*t = 582. What is the tens digit of t?
9
Suppose -5*z + g + 32 = 0, 8 - 28 = -5*z - 5*g. Suppose -z*l + 1005 = -675. What is the hundreds digit of l?
2
Let d = -11 - -24. Suppose 2*t - i - d = 24, 3*t - 73 = 5*i. Suppose -l - 5*h = 4, 4*l - 2*h - 78 = t. What is the units digit of l?
1
Let y(p) = 262*p**2 + 37*p - 50. What is the hundreds digit of y(2)?
0
Let s(n) = -n**2 - 12*n + 31. Let y be s(-14). Suppose -r = -y*r - 2*r. Suppose 5*u - 4*d - 265 = 0, -4*d + 305 = 5*u - r*d. What is the tens digit of u?
5
Let i(o) = -2*o**3 + 132*o**2 - 75*o - 256. What is the ten thousands digit of i(63)?
1
Suppose m - 5359 = -5*t + 30852, -t - m + 7239 = 0. What is the hundreds digit of t?
2
Let s = -30365 - -60718. What is the hundreds digit of s?
3
Let a(b) = b**2 - 12*b + 14. Let c(p) = -p**2 - 7*p + 11. Let l be c(-7). Let y be a(l). What is the tens digit of y*-146*(-3)/(-9)*-1?
4
Let t be ((-623)/(-14))/(2 + (-18)/12). Let d(s) = 5*s - 4. Let m be d(6). Let n = t - m. What is the tens digit of n?
6
Let s be (5/((-15)/3))/(1/(-57)). Suppose s*n - 960 = 49*n. What is the hundreds digit of n?
1
Let g be (-2)/1*(-12)/(-24). Let o be (16 - 16)/(1 - g). Suppose o = -8*y + 4*y + 236.